. What is the remainder when 250 is divided by m?
10
Let m(f) = f**3 - 34*f**2 + 99*f - 163. Let s be ((-70)/3)/(3/18). Let v = s + 228. Calculate the remainder when v is divided by m(31).
19
Let p = 890 - 879. Calculate the remainder when 25 is divided by p.
3
Let h = 778 - 749. What is the remainder when 44 is divided by h?
15
Let q = 11 + -6. Suppose 4*h = 4*l + 13 + 7, 0 = h + q*l - 5. What is the remainder when 12 is divided by h?
2
Let g(v) = -23*v + 13. Let q(h) = 11*h - 7. Let t(o) = 6*g(o) + 11*q(o). Calculate the remainder when t(-4) is divided by 24.
21
Suppose -5*s + 364 + 346 = 0. Suppose -5*b + 107 = 4*d, -s + 17 = -5*b + 5*d. What is the remainder when 91 is divided by b?
22
Suppose -18*m + 7462 + 5300 = 0. Calculate the remainder when m is divided by 71.
70
Let q(o) = 25*o**2 - 8*o + 7. What is the remainder when 502 is divided by q(1)?
22
Let g(t) = -17*t + 1. Let m be g(-3). Calculate the remainder when (-2)/13 - ((-4480)/m + -3) is divided by 13.
11
Suppose t + 0*d - 9 = d, -2*d + 38 = 2*t. Calculate the remainder when (3 - -2)*(-54)/(-5) is divided by t.
12
Let f(v) = -2*v - 21. Let m be f(-14). Let p(g) = -g + 58. What is the remainder when p(m) is divided by 19?
13
Suppose 20 = y - 18. What is the remainder when ((-150)/8 + 0)/(10/(-40)) is divided by y?
37
Let u = 1 - 11. What is the remainder when 71 is divided by u*((-1)/2)/((-4)/(-12))?
11
Let b = -39 - -88. What is the remainder when b is divided by 7?
0
Let j(d) = d**2 - 7*d + 15. Calculate the remainder when j(10) is divided by 30.
15
Let j(v) = 15*v**2 - 5*v + 37. What is the remainder when 1293 is divided by j(0)?
35
Suppose -160 = -7*z + 463. What is the remainder when 174 is divided by z?
85
Suppose -3*y + y + 2*k + 6 = 0, 3*k + 2 = -4*y. Let p be (0/2)/(2 - y). Suppose -m + 7*m - 60 = p. Calculate the remainder when 39 is divided by m.
9
Let m(b) = 4*b - 12. Let v be 1*1*(-1 - -12). What is the remainder when m(v) is divided by 11?
10
Suppose 21*x - 19*x = -2. Suppose 5*h = -2*b - 4, 0 = -b - 4*h - 0*h - 5. What is the remainder when 1/((1/(-11))/x) is divided by b?
2
Suppose -83*f = -84*f + 215. Calculate the remainder when f is divided by 75.
65
Let t(y) = y**2 - 8*y + 4. Let g = 3 - 3. Suppose -2*b = -g*b - 20. Calculate the remainder when 93 is divided by t(b).
21
Let a = 1026 - 967. What is the remainder when a is divided by 20 - (-1 + 0 - -1)?
19
Let g = -31 - -37. Let a(f) = f + 2*f + f**2 - 3*f + 6*f + g. What is the remainder when 11 is divided by a(-6)?
5
Let m = -53 - -577. Calculate the remainder when m is divided by 105.
104
Let a = 33 + -17. Suppose 24 = 4*v - a. Calculate the remainder when 27 is divided by v.
7
Suppose -4*w + 18 = 2. Suppose 0 = -u + 3*x + 19 + 25, 3*x = -w*u + 116. Calculate the remainder when u is divided by 12.
8
Let v(y) = 0*y**2 + 5*y + 2*y**2 - y + 0 + 4. What is the remainder when 66 is divided by v(-5)?
32
Let z(s) = s**3 - 8 + 4*s**2 - 2*s - 8*s**2 + 10*s**2 + 8*s**2. What is the remainder when 78 is divided by z(-14)?
18
Let x(f) = -f**3 - 2*f**2 + 2. Let c be 3/(2 + -5)*-5. Suppose -z = -0*z - 4*h - 18, 0 = 3*z - c*h - 19. What is the remainder when 2 is divided by x(z)?
0
Let r = -38 + 31. Let o(u) = u**3 + 5*u**2 - 15*u + 2. What is the remainder when o(r) is divided by 8?
1
Suppose -4 = 5*l - 7*l. Suppose -l*q - 4*q + 84 = 0. What is the remainder when q is divided by 8?
6
Suppose 6*g = 8 + 64. Calculate the remainder when 130 is divided by g.
10
Let b = -1683 + 1881. Let p(z) = z + 50. Calculate the remainder when b is divided by p(0).
48
Let l(p) = p**2 - 15*p - 61. What is the remainder when 339 is divided by l(19)?
9
Suppose 0 = 3*j - 5*l - 88, -5*j + 11*l + 172 = 9*l. Calculate the remainder when 46 is divided by j.
10
Let a(h) = -5*h - 3. What is the remainder when a(-10) is divided by (-1573)/(-65) - 2/10?
23
Let v(s) = s**2 - 10*s - 13. What is the remainder when 119 is divided by v(12)?
9
Suppose -23*z - 3*m - 657 = -25*z, 4*z + 3*m - 1359 = 0. What is the remainder when z is divided by 13?
11
Let s be 0 + 2/(-1) + 4. Suppose -5*c = -5*a + 45, 0 = -2*c - s*c - 16. Calculate the remainder when (9/(-6))/(1/(-8)) is divided by a.
2
Suppose 0 = 2*m - 6, -3*m + 6 = -u - 8. Let h be u/(-3 - (-24)/9). Suppose -19*g + 24 = -h*g. Calculate the remainder when 9 is divided by g.
3
Let i(u) = -8*u + 53. Suppose -6*d = -d - 410. Calculate the remainder when d is divided by i(4).
19
Calculate the remainder when (-4)/6*2*75/(-2) is divided by 18.
14
Let o be 99/(-27) + (-2)/(-3). What is the remainder when 20/o*11/(330/(-36)) is divided by 6/4*(-12)/(-9)?
0
Suppose 18*c + 57 - 3315 = 0. Calculate the remainder when 185 is divided by c.
4
Suppose 8*n = -n + 396. Calculate the remainder when 300 is divided by n.
36
Let q = -10 - -14. Suppose 3*i = q*i - 4. Calculate the remainder when 15 is divided by i.
3
Suppose 613 = 5*v + 208. Suppose 2*n - 6*n - 8 = -2*j, -5*n = 2*j - 8. Suppose -9*r + 6*r + v = n. What is the remainder when r is divided by 6?
3
Let h = -16 + 5. Let w(c) = -2*c + 17. Calculate the remainder when w(h) is divided by 8.
7
Let u = -103 + 135. Suppose 0 = 6*z - u - 70. Calculate the remainder when 30 is divided by z.
13
Suppose 410 = 2*g - 2*m, -2*g - g + 614 = -4*m. What is the remainder when g is divided by 13?
11
Let v(n) = -31*n**3 + 3*n**2 - 6*n + 2. Let i be v(1). What is the remainder when i/48*(-9)/(-2) - -46 is divided by 4*((-30)/(-8) - 1)?
10
Calculate the remainder when 942 is divided by 12/(51/(-12) + 5).
14
Let i be (-39)/12 - (-9)/(-12). Let w be (-2583)/14*i/3. Suppose -5*s - 144 = -u, 3*u - 4*s = 5*u - w. Calculate the remainder when u is divided by 33.
30
Let i(z) = -z**2 - 3*z + 4. Let m be i(-4). Suppose -5*a + 5*r = m, r = 2*a + 3*r + 4. What is the remainder when (2*62)/(-4)*a is divided by 16?
15
Suppose -3*r + o + 41 = 0, -4*r + 4*o = 2*o - 54. Suppose c - 4 = -2. What is the remainder when r is divided by (-7)/c*24/(-14)?
2
Suppose 316 - 28214 = -29*d. What is the remainder when d is divided by 138?
134
Let l = -10 - -23. Suppose c = 2*y - 44, y + c - 15 - l = 0. Suppose -5*k + 28 = -37. Calculate the remainder when y is divided by k.
11
What is the remainder when 732 is divided by (((-189)/(-6))/3)/((-4)/(-8))?
18
Calculate the remainder when (-100)/700 + (-2998)/(-14) is divided by 24.
22
Suppose 3*b + 212 = 5*o - 3, 4*b - 204 = -4*o. Calculate the remainder when 317 is divided by o.
41
Let o(r) = r**3 - 4*r**2 + 6*r - 5. Let h be o(3). Suppose u - 3*p = 42, -145 = -h*u - p + 36. What is the remainder when u is divided by 16?
13
Let x = -1940 + 1993. What is the remainder when x is divided by 2?
1
Let j(b) = 37*b**2 - b + 4. What is the remainder when j(2) is divided by 17?
14
Suppose -8*l = 2*l - 130. Suppose -9*f + 10*f = 5. Suppose 4*z = 3*u + 96 + 46, -f*z + 2*u = -181. What is the remainder when z is divided by l?
11
Let p(x) = -5*x + 125. What is the remainder when 34 is divided by p(23)?
4
Let v(c) = c**2 + 4*c - 5. Let n be v(-5). Suppose n = 3*m - t - 3*t + 7, -t + 13 = 3*m. Suppose h - m = 6. What is the remainder when h is divided by 6?
3
Suppose 74 = g + 36. Suppose -g = -m + 21. What is the remainder when m is divided by 30?
29
Suppose -9*l - 98 + 764 = 0. What is the remainder when l is divided by 15?
14
Suppose 0 = -2*u - 4*c - 3 + 15, 3 = 2*u + c. Suppose 4*l - p + u*p = 31, -2 = -2*l - 4*p. Calculate the remainder when (-2)/((-6)/45) - 2 is divided by l.
6
Suppose 202 + 220 = v + 5*z, 4*v - 2*z - 1754 = 0. What is the remainder when v is divided by 44?
41
Suppose 22*o - 11*o - 4257 = 0. Calculate the remainder when o is divided by 26.
23
Let v(r) be the first derivative of -r**2 + 13*r - 6. Calculate the remainder when v(0) is divided by 8.
5
Let o(h) = 6*h**2. Let i = 3930 + -3903. Calculate the remainder when i is divided by o(1).
3
Let u be -242*(14/4 + (-18 - -14)). Suppose u*p - 36 = 117*p. What is the remainder when p is divided by 3?
0
Let l(w) = 11*w**2 - 6*w**2 + 0*w + 7*w**2 + 1 - w. What is the remainder when l(2) is divided by 25?
22
Let o be ((-2)/(-1))/1 + 55. Suppose -3*p - o = -c - 290, 12 = 3*c. Calculate the remainder when p is divided by 964/36 + 2/9.
25
Suppose -50*y = -46*y - 1212. What is the remainder when y is divided by 17?
14
Let q